tors of 6207744?
2, 3, 59, 137
List the prime factors of 231379.
231379
What are the prime factors of 553538?
2, 59, 4691
List the prime factors of 1197589.
19, 63031
List the prime factors of 14006786.
2, 7003393
What are the prime factors of 48888?
2, 3, 7, 97
List the prime factors of 5850847.
31, 37, 5101
List the prime factors of 546484.
2, 136621
List the prime factors of 1939280.
2, 5, 7, 3463
List the prime factors of 3417749.
3417749
List the prime factors of 1963684.
2, 490921
List the prime factors of 274509.
3, 3389
List the prime factors of 1531512.
2, 3, 89, 239
What are the prime factors of 51969?
3, 17, 1019
What are the prime factors of 3314962?
2, 7, 236783
What are the prime factors of 18550828?
2, 4637707
What are the prime factors of 8722141?
173, 50417
What are the prime factors of 14334943?
7, 463, 4423
List the prime factors of 361252.
2, 90313
What are the prime factors of 2013033?
3, 11, 61001
What are the prime factors of 570983?
7, 81569
What are the prime factors of 9934235?
5, 683, 2909
What are the prime factors of 414305?
5, 41, 43, 47
What are the prime factors of 5256167?
7, 23, 32647
List the prime factors of 2171511.
3, 89, 2711
What are the prime factors of 612582?
2, 3, 23, 193
List the prime factors of 9797562.
2, 3, 107, 5087
List the prime factors of 739244.
2, 11, 53, 317
List the prime factors of 2042939.
149, 13711
List the prime factors of 1188989.
181, 6569
List the prime factors of 15628458.
2, 3, 2604743
What are the prime factors of 11060613?
3, 739, 1663
List the prime factors of 25697822.
2, 31, 97, 4273
What are the prime factors of 119553?
3, 7, 5693
List the prime factors of 5975888.
2, 139, 2687
What are the prime factors of 1424313?
3, 11, 14387
List the prime factors of 170863.
7, 11, 317
List the prime factors of 272252.
2, 29, 2347
List the prime factors of 1272847.
1272847
What are the prime factors of 8818831?
7, 19, 61, 1087
List the prime factors of 90461.
7, 12923
What are the prime factors of 1359525?
3, 5, 18127
List the prime factors of 1237729.
947, 1307
List the prime factors of 2504175.
3, 5, 173, 193
List the prime factors of 227591.
7, 13, 41, 61
List the prime factors of 1103782.
2, 647, 853
What are the prime factors of 4529965?
5, 11, 23, 3581
List the prime factors of 2174568.
2, 3, 11, 8237
What are the prime factors of 231094?
2, 115547
List the prime factors of 2367376.
2, 11, 13451
What are the prime factors of 2999448?
2, 3, 41659
What are the prime factors of 410947?
131, 3137
List the prime factors of 287423.
197, 1459
List the prime factors of 1471935.
3, 5, 98129
List the prime factors of 84363.
3, 61, 461
What are the prime factors of 344975?
5, 13799
What are the prime factors of 30489697?
7, 23, 189377
List the prime factors of 6879284.
2, 521, 3301
What are the prime factors of 3235445?
5, 79, 8191
List the prime factors of 168905.
5, 11, 37, 83
List the prime factors of 1320042.
2, 3, 31, 47, 151
List the prime factors of 5924914.
2, 47, 63031
What are the prime factors of 1910010?
2, 3, 5, 63667
List the prime factors of 2690240.
2, 5, 7, 1201
What are the prime factors of 24055481?
53, 453877
What are the prime factors of 96614?
2, 7, 67, 103
What are the prime factors of 796634?
2, 83, 4799
What are the prime factors of 992347?
233, 4259
List the prime factors of 238036.
2, 59509
List the prime factors of 6638388.
2, 3, 227, 2437
What are the prime factors of 3650617?
3650617
List the prime factors of 167427.
3, 13, 53
List the prime factors of 217809.
3, 2689
What are the prime factors of 1492915?
5, 298583
What are the prime factors of 1427047?
1427047
List the prime factors of 16342232.
2, 53, 38543
What are the prime factors of 1225887?
3, 13, 17, 43
List the prime factors of 431621.
431621
What are the prime factors of 207804?
2, 3, 17317
What are the prime factors of 190591?
190591
What are the prime factors of 3562746?
2, 3, 11, 23, 2347
What are the prime factors of 973794?
2, 3, 17, 9547
What are the prime factors of 18638915?
5, 997, 3739
List the prime factors of 9606.
2, 3, 1601
List the prime factors of 237685.
5, 7, 6791
List the prime factors of 25514.
2, 12757
What are the prime factors of 1146076?
2, 286519
What are the prime factors of 512779?
512779
What are the prime factors of 2729194?
2, 13, 37, 2837
List the prime factors of 730343.
37, 19739
What are the prime factors of 3721615?
5, 269, 2767
What are the prime factors of 72415?
5, 7, 2069
What are the prime factors of 8000610?
2, 3, 5, 266687
What are the prime factors of 3286426?
2, 11, 13, 11491
List the prime factors of 15331619.
15331619
What are the prime factors of 27763085?
5, 7, 19, 83, 503
What are the prime factors of 303688?
2, 7, 11, 17, 29
What are the prime factors of 655416?
2, 3, 9103
What are the prime factors of 3044167?
7, 434881
What are the prime factors of 8383883?
19, 441257
List the prime factors of 1860373.
1860373
What are the prime factors of 1622463?
3, 17, 29, 1097
What are the prime factors of 331196?
2, 82799
What are the prime factors of 1487478?
2, 3, 247913
List the prime factors of 617778.
2, 3, 7, 4903
What are the prime factors of 23478164?
2, 109, 53849
What are the prime factors of 491478?
2, 3, 13, 6301
What are the prime factors of 795159?
3, 53, 1667
List the prime factors of 2052939.
3, 7, 29, 3371
What are the prime factors of 4795388?
2, 13, 92219
What are the prime factors of 5799131?
13, 446087
What are the prime factors of 1289676?
2, 3, 107473
List the prime factors of 6955282.
2, 127, 139, 197
List the prime factors of 268134.
2, 3, 23, 29, 67
What are the prime factors of 1268350?
2, 5, 25367
List the prime factors of 40875372.
2, 3, 1135427
List the prime factors of 3777834.
2, 3, 103, 6113
List the prime factors of 1460825.
5, 71, 823
List the prime factors of 7056626.
2, 3528313
What are the prime factors of 6274858?
2, 167, 18787
What are the prime factors of 15353974?
2, 7676987
What are the prime factors of 963528?
2, 3, 19, 2113
List the prime factors of 132506.
2, 11, 19, 317
What are the prime factors of 4351537?
29, 150053
What are the prime factors of 492184?
2, 7, 11, 17, 47
What are the prime factors of 108893?
108893
What are the prime factors of 248739?
3, 82913
List the prime factors of 109051.
167, 653
What are the prime factors of 1796762?
2, 11, 81671
List the prime factors of 12779611.
13, 75619
What are the prime factors of 25336943?
4621, 5483
What are the prime factors of 32975?
5, 1319
What are the prime factors of 10401148?
2, 2600287
List the prime factors of 1335106.
2, 667553
What are the prime factors of 754386?
2, 3, 125731
List the prime factors of 933189.
3, 197, 1579
List the prime factors of 13067.
73, 179
List the prime factors of 3507623.
7, 501089
What are the prime factors of 7775600?
2, 5, 7, 2777
What are the prime factors of 184665?
3, 5, 13, 947
List the prime factors of 2367135.
3, 5, 41, 1283
What are the prime factors of 251842?
2, 125921
List the prime factors of 4295715.
3, 5, 286381
List the prime factors of 256745.
5, 51349
What are the prime factors of 7139343?
3, 2379781
List the prime factors of 1099491.
3, 366497
What are the prime factors of 4277819?
7, 13, 29, 1621
List the prime factors of 2111534.
2, 31, 34057
List the prime factors of 67934.
2, 33967
List the prime factors of 352079.
7, 13, 53, 73
What are the prime factors of 16402897?
7, 334753
What are the prime factors of 7946078?
2, 7, 53, 10709
List the prime factors of 124416.
2, 3
What are the prime factors of 968116?
2, 17, 23, 619
What are the prime factors of 25823749?
7, 499, 7393
List the prime factors of 2931726.
2, 3, 7, 29, 83
List the prime factors of 446814.
2, 3, 103, 241
What are the prime factors of 5739507?
3, 637723
List the prime factors of 832052.
2, 13, 16001
What are the prime factors of 17009691?
3, 149, 38053
List the prime factors of 130511.
19, 6869
List the prime factors of 381964.
2, 11, 8681
What are the prime factors of 2169804?
2, 3, 7, 13, 1987
List the prime factors of 24892954.
2, 139, 151, 593
List the prime factors of 6703479.
3, 82759
List the prime factors of 406891.
67, 6073
What are the prime factors of 3353640?
2, 3, 5, 27947
List the prime factors of 232904.
2, 7, 4159
